1
In base 12, what is 7 + -50?
-45
In base 4, what is 132 + -2130?
-1332
In base 6, what is 1 - -10244?
10245
In base 8, what is -5 - -50?
43
In base 11, what is 9 - -16?
24
In base 14, what is -1 - 105?
-106
In base 13, what is 7 - -4?
b
In base 8, what is -106 - -145?
37
In base 14, what is -856 + 2?
-854
In base 4, what is 13 - -101?
120
In base 15, what is 5 - 4e?
-49
In base 16, what is -13 + -38?
-4b
In base 7, what is -6 + 44?
35
In base 5, what is -10 + -2120?
-2130
In base 10, what is -47 + -19?
-66
In base 8, what is 155 - 3?
152
In base 15, what is -4 + -27?
-2b
In base 16, what is 87e + 5?
883
In base 7, what is 5 + 413?
421
In base 8, what is -4 + -157?
-163
In base 2, what is -111 + 1011011?
1010100
In base 11, what is -1 + 2a9?
2a8
In base 5, what is 22 - 43?
-21
In base 8, what is 27 - 25?
2
In base 14, what is -3 - -33?
30
In base 16, what is e7 - 0?
e7
In base 9, what is 461 - 13?
447
In base 11, what is -6 + 136?
130
In base 15, what is bd - 30?
8d
In base 11, what is 1 - 36?
-35
In base 5, what is -22 - -104?
32
In base 2, what is 10111111111 - -110?
11000000101
In base 8, what is -3 + 1531?
1526
In base 10, what is 1 + -130?
-129
In base 6, what is 3221 + -10?
3211
In base 5, what is 4 - 12012?
-12003
In base 10, what is -7689 - 1?
-7690
In base 8, what is 22 - 462?
-440
In base 11, what is -4 - -401?
3a8
In base 6, what is -4121 - -2?
-4115
In base 6, what is -11 - 3313?
-3324
In base 3, what is -12 + 1000?
211
In base 11, what is -13 - 85?
-98
In base 12, what is -3b + -113?
-152
In base 7, what is 3 - -4143?
4146
In base 11, what is -1995 + 3?
-1992
In base 6, what is 534 - 3?
531
In base 15, what is -1 + b6?
b5
In base 12, what is 0 + -907?
-907
In base 6, what is -2 - 1014?
-1020
In base 4, what is -3312 + -11?
-3323
In base 12, what is -314 + 4?
-310
In base 2, what is 101101011100 - 1?
101101011011
In base 8, what is -2 - 10461?
-10463
In base 14, what is -223 + 7?
-21a
In base 6, what is -133 + 321?
144
In base 14, what is -d8 + -4?
-dc
In base 5, what is -404 + -10?
-414
In base 13, what is b31 + 3?
b34
In base 3, what is 1100 - -10020?
11120
In base 2, what is -10000 - -1000?
-1000
In base 12, what is -4 + 18?
14
In base 6, what is 4 + -2211?
-2203
In base 5, what is 112402 - 1?
112401
In base 16, what is -2 - -35?
33
In base 5, what is 20321 - 22?
20244
In base 6, what is -3031 + 0?
-3031
In base 10, what is 2 - -667?
669
In base 6, what is 0 + 20?
20
In base 12, what is 12 + -1?
11
In base 4, what is 3 + 11022?
11031
In base 4, what is -1 - -123?
122
In base 10, what is -117 - -32?
-85
In base 15, what is 5 - -45?
4a
In base 2, what is 111 + 10001110010?
10001111001
In base 11, what is -7 + -15?
-21
In base 11, what is -137 + 22?
-115
In base 14, what is -746 - 5?
-74b
In base 7, what is -11 + -4001?
-4012
In base 11, what is -5 + 271?
267
In base 16, what is 14 + -17?
-3
In base 4, what is -212 + 2?
-210
In base 8, what is 317 + -64?
233
In base 15, what is 0 + -6e?
-6e
In base 9, what is -13 + 252?
238
In base 9, what is 2 - 532?
-530
In base 15, what is 4 + -44?
-40
In base 13, what is 0 + -24?
-24
In base 13, what is -522 + 0?
-522
In base 11, what is 1a4a + 4?
1a53
In base 12, what is 31 + -10?
21
In base 12, what is 36 + 4a?
84
In base 16, what is -134 - 2?
-136
In base 16, what is -b + 48e?
483
In base 3, what is 100 + -2021?
-1221
In base 14, what is 2 - 66?
-64
In base 6, what is -1550 + 0?
-1550
In base 6, what is -12 + 3?
-5
In base 13, what is 5 + -60?
-58
In base 14, what is -53 + -3?
-56
In base 12, what is -4 - 201?
-205
In base 8, what is 50 + -1?
47
In base 16, what is -21 + -7?
-28
In base 8, what is 1110 + -2?
1106
In base 7, what is -1621 - 2?
-1623
In base 4, what is 230 + 1020?
1310
In base 11, what is a + 69?
78
In base 10, what is -1956 - -5?
-1951
In base 6, what is 455 - 5?
450
In base 2, what is -101 + 11000111?
11000010
In base 15, what is 40d + 1?
40e
In base 2, what is -10000 - 1101?
-11101
In base 8, what is -22713 + 0?
-22713
In base 10, what is -1 + -47?
-48
In base 7, what is 1 - 2424?
-2423
In base 7, what is 522 - -2?
524
In base 8, what is 34 + 127?
163
In base 3, what is 12 + -1001112?
-1001100
In base 4, what is 2000 - -2?
2002
In base 2, what is 101101011 - 10?
101101001
In base 10, what is -62 + -12?
-74
In base 11, what is -7a + -4?
-83
In base 11, what is -26 + -8?
-33
In base 15, what is 18 - -10?
28
In base 13, what is a + -9?
1
In base 13, what is -2 + 39?
37
In base 9, what is 1418 - 8?
1410
In base 16, what is -1 + -734?
-735
In base 8, what is 23736 - 4?
23732
In base 12, what is 690 + 0?
690
In base 12, what is 15a + -97?
83
In base 12, what is 239 + 2?
23b
In base 11, what is -5462 - -4?
-5459
In base 14, what is -ba - 3?
-bd
In base 12, what is -1 + -10a?
-10b
In base 7, what is -11 - 1150?
-1161
In base 7, what is -5 - 161?
-166
In base 12, what is 5 + -1a0?
-197
In base 6, what is -34 + -3?
-41
In base 13, what is 7c3 + 0?
7c3
In base 15, what is 206 + -8?
1ed
In base 8, what is -3 - -1127?
1124
In base 4, what is -113 - -10312?
10133
In base 16, what is 2bc + 0?
2bc
In base 11, what is 5 + -2a6?
-2a1
In base 3, what is 11 - 11?
0
In base 6, what is 2312 + -1?
2311
In base 11, what is 2 + 525?
527
In base 9, what is -11 + 5?
-5
In base 9, what is -588 + 3?
-585
In base 15, what is -77 - 4?
-7b
In base 3, what is -10 + 101220?
101210
In base 4, what is -210 + -2?
-212
In base 14, what is 2827 - 1?
2826
In base 13, what is -5 + -485?
-48a
In base 8, what is 10 - -562?
572
In base 13, what is 5 - 25?
-20
In base 10, what is 12 - 8?
4
In base 2, what is 100000101 - -110101?
100111010
In base 11, what is -37 - -9?
-29
In base 15, what is 5 - 1d1?
-1cb
In base 15, what is bb1 - 3?
bad
In base 7, what is 1 + 341?
342
In base 14, what is a + -138?
-12c
In base 10, what is 1603 - -2?
1605
In base 6, what is 320 + 0?
320
In base 6, what is -3432 - 2?
-3434
In base 10, what is -178 + 5?
-173
In base 12, what is 4 - -aa?
b2
In base 7, what is -110 - -1?
-106
In base 11, what is -3 + 37?
34
In base 2, what is -111101001 - -100?
-111100101
In base 10, what is 35 + -32?
3
In base 14, what is -193 - -c?
-185
In base 4, what is 3 - 21001?
-20332
In base 15, what is 5 - -434?
439
In base 3, what is -211 - -22201?
21220
In base 14, what is 160 + 1?
161
In base 11, what is 41 - 4?
38
In base 8, what is -72323 - 1?
-72324
In base 6, what is 4 + 4233?
4241
In base 7, what is -131 - -6?
-122
In base 16, what is 5e9 + 4?
5ed
In base 3, what is -11 + -1122?
-1210
In base 5, what is 4 + 322?
331
In base 15, what is -13 - -2c?
19
In base 13, what is -c - -1108?
10c9
In base 13, what is 6 - -4?
a
In base 9, what is 13 - -8?
22
In base 4, what is 32 - -13233?
13331
In base 14, what is -3a - -1b?
-1d
In base 2, what is -1 - 101111111?
-110000000
In base 5, what is -1241 - -4?
-1232
In base 10, what is 1 + 219?
220
In base 2, what is 0 + 10111110010?
10111110010
In base 13, what is b + b6?
c4
In base 14, what is -3 + -11c?
-121
In base 4, what is -11 - 303?
-320
In base 13, what is -15b + -3?
-161
In base 16, what is -1cb + -2?
-1cd
In base 4, what is -3221 - -11?
-3210
In base 14, what is 3 + -1838?
-1835
In base 7, what is 223 - 1?
222
In base 13, what is 275 - -2?
277
In base 7, what is 0 - -311?
311
In base 7, what is 41 + -25?
13
In base 3, what is 10000 - 22?
2201
In base 8, what is 3 + 4303?
4306
In base 2, what is -10 - 11101010?
-11101100
In base 13, what is 10 + -b?
2
In base 6, what is 24 - -152?
220
In base 10, what is 1 - 25?
-24
In base 12, what is -327 + -5?
-330
In base 15, what is -20 + 0?
-20
In base 4, what is 1 + 121?
122
In base 8, what is -5 - 46?
-53
In base 5, what is 0 + -13202?
-13202
In base 14, what is -8 + -b15?
-b1d
In base 12, what is -2 - 5757?
-5759
In base 9, what is 1 - 4?
-3
In base 10, what is -3654 - 3?
-3657
In base 15, what is -da + 7?
-d3
In base 4, what is -1 - -200?
133
In base 5, what is 10 + 4400?
4410
In base 4, what is -3 - -222?
213
In base 10, what is 21 + -103?
-82
In base 5, what is 10 - -400?
410
In base 11, what is 3 - 66?
-63
In base 3, what is -2 - -110210?
110201
In base 10, what is -4 + 7?
3
In base 15, what is -7 + 4d?
46
In base 11, what is 87 + -2?
85
In base 10, what is 1547 - 1?
1546
In base 5, what is -2 - -1203?
1201
In 